-3 - 0). Let x = -7 + k. Let f = x + 11. What is the highest common factor of 12 and f?
3
Let d(v) = -53*v + 7. Let n be d(-6). Suppose 4*u - 291 = n. Let o(t) = 5*t**2 - 3*t. Let q be o(2). What is the highest common divisor of u and q?
14
Suppose 42 = 4*a - 3*c, 0 = -4*a - 0*a - c + 34. Let j = a + -7. Calculate the highest common factor of 16 and j.
2
Let a = 8 - 3. What is the greatest common factor of 35 and a?
5
Let z(x) = -x**3 + x + 17. Let w(a) = a**3 - 6*a**2 - 6*a - 7. Let c be w(7). Let h be z(c). Calculate the highest common factor of h and 68.
17
Let g = 6 - 4. Suppose -g*b - 3*b = -20. What is the highest common divisor of b and 36?
4
Let u be (-4)/(-18) + 2360/72. Let f = u - 20. What is the highest common factor of 104 and f?
13
Let g = -9 - -32. Suppose 5*l + 7*s = 4*s + 1144, 3*s - 454 = -2*l. What is the highest common divisor of l and g?
23
Let f = 289 - 107. Calculate the highest common divisor of 26 and f.
26
Suppose -g = -2*u + 4 + 3, 0 = -3*g - 9. Let m be ((-1)/u)/((-2)/(-4)). Let f be m/(-2)*(79 - 1). Calculate the greatest common divisor of f and 26.
13
Let l be -13*((-5)/3 - (-2)/3). Calculate the greatest common divisor of l and 65.
13
Suppose 3*q - 7*q + 23 = -3*z, 2*z + 12 = q. Let h = 16 - q. What is the greatest common factor of h and 28?
14
Let a = 2 - 4. Let n = -8 + 12. Let m = n - a. What is the highest common divisor of 12 and m?
6
Let k = -3 - -8. Let j be (-3)/((9/4)/(-3)). Let a = k - j. Calculate the greatest common factor of 4 and a.
1
Let a(z) = -2*z + 10*z**2 + 6*z - 1 - 8*z**2 + 3. Let i be a(-3). Calculate the highest common factor of i and 2.
2
Suppose -3*k + 142 = -2*h, k + 0*h - h = 47. Suppose o - 6 = -2*q, -4 = 3*o - 2*q + 2. Suppose 6*a - a - 30 = o. Calculate the highest common factor of a and k.
6
Suppose -4*v = -5*v + 18. Suppose -4*j + 683 = 2*r + 99, 280 = 2*j - 2*r. Calculate the greatest common divisor of j and v.
18
Let c = -6 - -7. Let k be (54/(-8))/(c/(-8)). Calculate the highest common divisor of k and 6.
6
Let n(g) = 3*g - 8. Let o be n(6). Suppose 5*q = -5*b + 565, -2*b = -2*q - 65 + 279. Calculate the greatest common factor of q and o.
10
Suppose 0 = 3*w - 9, -4*v + 34 = -9*v - 2*w. Let n = v + 6. Let g be (3 - -13) + 1 + n. Calculate the greatest common factor of g and 5.
5
Let b(z) = -9*z - 82. Let u be b(-26). Calculate the greatest common factor of u and 38.
38
Let n(l) = 15*l**3 - 2*l + 1. Suppose -o + 1 = -0. Let g be n(o). Let a(w) = 7*w**2 + 3*w - 2. Let d be a(3). Calculate the greatest common divisor of d and g.
14
Let f be (16/(-6))/(4/(-126)). Let i = -91 + 52. Let b be ((-18)/(-4))/(i/(-104)). What is the greatest common divisor of b and f?
12
Let k be (26/4)/((-2)/(-4)). Calculate the highest common factor of 91 and k.
13
Let o = -93 + 104. Let k = -232 - -353. What is the greatest common factor of k and o?
11
Let n be 7 - (-2 + 2 + -1). Calculate the greatest common factor of n and 24.
8
Let n = 23 - -9. What is the greatest common factor of n and 160?
32
Let j(s) = 188*s**2 + s. Let p be j(1). Let i(h) = h**3 - 11*h**2 + 14*h - 13. Let y be i(10). What is the highest common factor of p and y?
27
Let g(s) = 23*s**2 - s. Suppose -4*m + 4 = -4. Let u be g(m). Suppose 4*j = -2*l + u, -2*l - l = j - 10. Calculate the greatest common divisor of j and 10.
5
Suppose 6*q - 240 = 2*q. Let b be ((-30)/(-35))/((-1)/(-28)). Calculate the highest common divisor of q and b.
12
Let c be ((-288)/10)/((-9)/30). Suppose -4*t + t = -c. Calculate the greatest common divisor of t and 48.
16
Let w = -110 - -222. Calculate the greatest common divisor of w and 28.
28
Suppose -8*k = -g - 3*k + 28, 5*k = -g + 78. Let c be g/7 - (-9)/21. Calculate the greatest common factor of c and 16.
8
Let f(i) = 2*i**2 + 2*i - 6. Suppose 4*x = 7*x + 9. Let r be f(x). Calculate the highest common factor of 18 and r.
6
Let m(c) = c**2 + 9*c + 1. Let x be 3/(-7) - (-134)/(-14). Let y be m(x). Calculate the greatest common divisor of y and 99.
11
Let k = 46 + -1. Let o = -39 - -57. Calculate the highest common factor of k and o.
9
Suppose -22 = 4*a - 94. What is the highest common factor of 90 and a?
18
Let m be 2*(151/(-2))/(-1). Let c = m - 43. Suppose -8*b = -10*b + 24. Calculate the greatest common divisor of b and c.
12
Suppose 0 = u - 1, -d - 2*u + 7 = -15. Calculate the greatest common factor of d and 80.
20
Suppose -22 - 68 = -10*j. Calculate the greatest common divisor of j and 36.
9
Suppose 0 = 12*i - 128 - 196. What is the greatest common divisor of i and 18?
9
Let p be (-226)/(-4)*(-2 + 4). Let i be (p - 2) + -1 + 2. What is the highest common factor of 16 and i?
16
Suppose -42*l = -43*l + 6. What is the greatest common factor of 66 and l?
6
Suppose -2*q = -4, -2*m + 5*q = q - 118. Calculate the highest common factor of 42 and m.
21
Let n = 27 - 20. What is the highest common factor of n and 28?
7
Let q be 1 + (-12)/(6/3). Let f = 10 - q. Suppose -123 = -4*s - 3. Calculate the highest common divisor of f and s.
15
Suppose 27 + 23 = 2*s. What is the greatest common divisor of s and 175?
25
Let s = -16 - -21. Suppose 0 = 5*b - o - 313 - 2, s*b - 5*o - 315 = 0. Let n = 20 - 13. Calculate the highest common factor of b and n.
7
Suppose -5*g = -56 + 1. What is the highest common divisor of g and 11?
11
Suppose 5*y - 32 = -4*n + 96, -3*n = 3*y - 78. Calculate the greatest common factor of 8 and y.
8
Let a(u) = -u**2 - 13*u + 7. Let v be a(-9). Suppose v = 3*q - 5. Calculate the highest common factor of 80 and q.
16
Let k be 6/(-33) - (-4624)/22. Calculate the highest common factor of k and 30.
30
Let s(q) = 7*q. Let z be s(3). Suppose -95 = z*j - 26*j. Calculate the greatest common factor of 152 and j.
19
Let m = 0 + -2. Let d be m - -4 - 4/2. Suppose d*g = 3*g - v - 140, -40 = -g - v. What is the highest common divisor of g and 5?
5
Let k = -22 - -67. What is the highest common factor of k and 30?
15
Let w(q) = -q**2 + 8*q + 20. Let f be w(10). Suppose 2*y - 3*y + 32 = f. Suppose 0 = 2*g - 3*g + 80. Calculate the highest common factor of y and g.
16
Let h(v) = -16*v + 6. Let p be h(5). Let z = -42 - p. Suppose 0 = -3*a + a + z. What is the greatest common factor of 8 and a?
8
Suppose 0 = 37*w - 43*w + 96. Calculate the greatest common divisor of w and 80.
16
Let f = 3 + 2. Let m be f*((-18)/(-15))/2. Suppose m*q - 30 = -3. What is the greatest common factor of q and 63?
9
Let d = 27 + -13. Let k(g) = 85*g - 1. Let h be k(1). Calculate the greatest common divisor of h and d.
14
Let j(b) = -2*b + 4. Let r be j(-4). What is the highest common divisor of 12 and r?
12
Let t(u) = u**3 + 4*u**2 - 7*u - 5. Let z be t(-5). Suppose 0 = -5*s - 6 + 31. Calculate the greatest common divisor of z and s.
5
Suppose -5*o - g = -4 - 1, 0 = 3*o + 2*g + 4. What is the highest common factor of 4 and o?
2
Let w(p) = -10*p - 4. Let o be w(-4). Suppose 2*k = -z + 4*k + o, 0 = z - k - 39. Suppose 9*y - 4*y = 70. What is the greatest common divisor of y and z?
14
Let s be 322/4*(-1 - -3). What is the highest common factor of s and 23?
23
Let r(h) = -h**3 + 8*h**2 - 10*h + 30. Let w be r(7). What is the highest common divisor of 27 and w?
9
Let v(b) be the first derivative of -b**4/2 - 5*b**3/3 - b**2 + b + 4. Let r be v(-3). What is the highest common divisor of 48 and r?
16
Suppose 326 = k + 101. What is the greatest common divisor of k and 25?
25
Suppose 4*v = -5*r + 603, -v = v + 3*r - 303. Suppose 0 = -0*q - 3*q + v. Suppose 4*a = -5 + 33. What is the highest common factor of q and a?
7
Let p = -45 + 63. What is the highest common factor of p and 126?
18
Let n(r) = r**2 + 7*r + 6. Let y be n(-5). Let s be (-1)/y + (-30)/(-8). Calculate the greatest common divisor of 12 and s.
4
Suppose -4*b + 132 = 2*b. Calculate the highest common divisor of 11 and b.
11
Let r = 282 + -192. Suppose -5 = -w, -3*w = -5*h + 2*w + 25. What is the highest common factor of h and r?
10
Let r = 106 - 29. Suppose -3*a - 6 = 18. Let k = -1 - a. Calculate the highest common divisor of k and r.
7
Suppose -3*m + 45 = -2*m. Let d(r) = r**3 - 16*r**2 + 16*r. Let l be d(15). What is the greatest common factor of l and m?
15
Suppose 0 = 4*s + 2*y - 542, 3*s - 5*y - 326 - 74 = 0. Calculate the highest common divisor of s and 54.
27
Let r(h) be the